{"id":7,"date":"2021-04-12T16:03:04","date_gmt":"2021-04-12T19:03:04","guid":{"rendered":"http:\/\/abracci.org.br\/?page_id=7"},"modified":"2021-04-12T16:10:37","modified_gmt":"2021-04-12T19:10:37","slug":"sobre","status":"publish","type":"page","link":"https:\/\/abracci.org.br\/index.php\/sobre\/","title":{"rendered":"Sobre"},"content":{"rendered":"\n<p>Assistimos todos, no Brasil de hoje, a uma cont\u00ednua multiplica\u00e7\u00e3o de den\u00fancias de corrup\u00e7\u00e3o. Constatamos tamb\u00e9m que a impunidade quase sempre prevalece, protegendo especialmente os denunciados que t\u00eam altas posi\u00e7\u00f5es nas pir\u00e2mides do poder. Com isso nossas institui\u00e7\u00f5es pol\u00edticas se deterioram, ao mesmo tempo em que a cultura da corrup\u00e7\u00e3o penetra ainda mais profundamente nos comportamentos sociais, j\u00e1 marcados pela toler\u00e2ncia com atos il\u00edcitos quando em proveito pr\u00f3prio.<br><br>Precisamos da associa\u00e7\u00e3o de todos num esfor\u00e7o concentrado, que possa provocar uma forte tomada de consci\u00eancia, por parte de toda a sociedade brasileira<br><br>&#8211; em primeiro lugar, sobre a import\u00e2ncia dessa luta e de que \u00e9 poss\u00edvel superar a corrup\u00e7\u00e3o e a impunidade,<br>&#8211; em segundo lugar, de que \u00e9 necess\u00e1rio combater a pr\u00f3pria cultura da corrup\u00e7\u00e3o.<br><br>A Articula\u00e7\u00e3o Brasileira Contra a Corrup\u00e7\u00e3o e a Impunidade \u2013 ABRACCI, que congrega um conjunto de organiza\u00e7\u00f5es da sociedade civil, surge com esse objetivo<em>.&nbsp;<\/em><\/p>\n\n\n\n<p><em><br>Contribuir para a constru\u00e7\u00e3o de uma cultura de n\u00e3o corrup\u00e7\u00e3o e impunidade no Brasil por meio do est\u00edmulo e da articula\u00e7\u00e3o de a\u00e7\u00f5es de institui\u00e7\u00f5es e iniciativas com vistas a uma sociedade justa, democr\u00e1tica e solid\u00e1ria&#8221;<\/em>&nbsp;\u00e9 a miss\u00e3o da ABRACCI.<br><br>A Articula\u00e7\u00e3o Brasileira Contra a Corrup\u00e7\u00e3o e a Impunidade &#8211; ABRACCI &#8211;&nbsp;re\u00fane organiza\u00e7\u00f5es da sociedade civil que trabalham no combate \u00e0 corrup\u00e7\u00e3o e \u00e0 impunidade no Brasil. \u00c9 uma associa\u00e7\u00e3o civil sem fins lucrativos e econ\u00f4micos, democr\u00e1tica e pluralista, que articula em rede, pessoas, entidades e organiza\u00e7\u00f5es da sociedade brasileira interessadas na luta contra a corrup\u00e7\u00e3o e a impunidade.<br><br>A ABRACCI \u00e9 articuladas atrav\u00e9s de uma plen\u00e1ria geral, um comit\u00ea de liga\u00e7\u00e3o, e uma s\u00e9rie de grupos de trabalho desenvolvidos a partir de linhas de a\u00e7\u00e3o estrat\u00e9gicas, al\u00e9m de uma secretaria executiva operante.<\/p>\n\n\n\n<p><br>A atua\u00e7\u00e3o em rede \u00e9 um princ\u00edpio da ABRACCI, para atua\u00e7\u00e3o conjunta&nbsp;na luta contra a corrup\u00e7\u00e3o e a impunidade no Brasil e na promo\u00e7\u00e3o de uma cultura de transpar\u00eancia e integridade na esfera p\u00fablica.<br><br>A ABRACCI foi lan\u00e7ada em janeiro de 2009, durante as atividades do F\u00f3rum Social Mundial, em Bel\u00e9m, contando com o apoio da Transpar\u00eancia Internacional.<\/p>\n","protected":false},"excerpt":{"rendered":"<p>Assistimos todos, no Brasil de hoje, a uma cont\u00ednua multiplica\u00e7\u00e3o de den\u00fancias de corrup\u00e7\u00e3o. Constatamos tamb\u00e9m que a impunidade quase sempre prevalece, protegendo especialmente os denunciados que t\u00eam altas posi\u00e7\u00f5es nas pir\u00e2mides do poder. Com isso nossas institui\u00e7\u00f5es pol\u00edticas se deterioram, ao mesmo tempo em que a cultura da corrup\u00e7\u00e3o penetra ainda mais profundamente nos [&hellip;]<\/p>\n","protected":false},"author":1,"featured_media":0,"parent":0,"menu_order":0,"comment_status":"closed","ping_status":"closed","template":"","meta":{"om_disable_all_campaigns":false,"_monsterinsights_skip_tracking":false,"_monsterinsights_sitenote_active":false,"_monsterinsights_sitenote_note":"","_monsterinsights_sitenote_category":0},"aioseo_notices":[],"_links":{"self":[{"href":"https:\/\/abracci.org.br\/index.php\/wp-json\/wp\/v2\/pages\/7"}],"collection":[{"href":"https:\/\/abracci.org.br\/index.php\/wp-json\/wp\/v2\/pages"}],"about":[{"href":"https:\/\/abracci.org.br\/index.php\/wp-json\/wp\/v2\/types\/page"}],"author":[{"embeddable":true,"href":"https:\/\/abracci.org.br\/index.php\/wp-json\/wp\/v2\/users\/1"}],"replies":[{"embeddable":true,"href":"https:\/\/abracci.org.br\/index.php\/wp-json\/wp\/v2\/comments?post=7"}],"version-history":[{"count":2,"href":"https:\/\/abracci.org.br\/index.php\/wp-json\/wp\/v2\/pages\/7\/revisions"}],"predecessor-version":[{"id":37,"href":"https:\/\/abracci.org.br\/index.php\/wp-json\/wp\/v2\/pages\/7\/revisions\/37"}],"wp:attachment":[{"href":"https:\/\/abracci.org.br\/index.php\/wp-json\/wp\/v2\/media?parent=7"}],"curies":[{"name":"wp","href":"https:\/\/api.w.org\/{rel}","templated":true}]}}

<p>Assistimos todos, no Brasil de hoje, a uma contínua multiplicação de denúncias de corrupção. Constatamos também que a impunidade quase sempre prevalece, protegendo especialmente os denunciados que têm altas posições nas pirâmides do poder. Com isso nossas instituições políticas se deterioram, ao mesmo tempo em que a cultura da corrupção penetra ainda mais profundamente nos comportamentos sociais, já marcados pela tolerância com atos ilícitos quando em proveito próprio.<br><br>Precisamos da associação de todos num esforço concentrado, que possa provocar uma forte tomada de consciência, por parte de toda a sociedade brasileira<br><br>&#8211; em primeiro lugar, sobre a importância dessa luta e de que é possível superar a corrupção e a impunidade,<br>&#8211; em segundo lugar, de que é necessário combater a própria cultura da corrupção.<br><br>A Articulação Brasileira Contra a Corrupção e a Impunidade – ABRACCI, que congrega um conjunto de organizações da sociedade civil, surge com esse objetivo<em>.&nbsp;</em></p>



<p><em><br>Contribuir para a construção de uma cultura de não corrupção e impunidade no Brasil por meio do estímulo e da articulação de ações de instituições e iniciativas com vistas a uma sociedade justa, democrática e solidária&#8221;</em>&nbsp;é a missão da ABRACCI.<br><br>A Articulação Brasileira Contra a Corrupção e a Impunidade &#8211; ABRACCI &#8211;&nbsp;reúne organizações da sociedade civil que trabalham no combate à corrupção e à impunidade no Brasil. É uma associação civil sem fins lucrativos e econômicos, democrática e pluralista, que articula em rede, pessoas, entidades e organizações da sociedade brasileira interessadas na luta contra a corrupção e a impunidade.<br><br>A ABRACCI é articuladas através de uma plenária geral, um comitê de ligação, e uma série de grupos de trabalho desenvolvidos a partir de linhas de ação estratégicas, além de uma secretaria executiva operante.</p>



<p><br>A atuação em rede é um princípio da ABRACCI, para atuação conjunta&nbsp;na luta contra a corrupção e a impunidade no Brasil e na promoção de uma cultura de transparência e integridade na esfera pública.<br><br>A ABRACCI foi lançada em janeiro de 2009, durante as atividades do Fórum Social Mundial, em Belém, contando com o apoio da Transparência Internacional.</p>

<p>Assistimos todos, no Brasil de hoje, a uma contínua multiplicação de denúncias de corrupção. Constatamos também que a impunidade quase sempre prevalece, protegendo especialmente os denunciados que têm altas posições nas pirâmides do poder. Com isso nossas instituições políticas se deterioram, ao mesmo tempo em que a cultura da corrupção penetra ainda mais profundamente nos [&hellip;]</p>
